by 81?
58
Calculate the remainder when 5142 is divided by 33.
27
Calculate the remainder when 4094 is divided by 17.
14
What is the remainder when 34702 is divided by 9?
7
What is the remainder when 1328 is divided by 37?
33
Calculate the remainder when 1946 is divided by 74.
22
Calculate the remainder when 140 is divided by 82.
58
What is the remainder when 32 is divided by 11?
10
What is the remainder when 2781 is divided by 927?
0
What is the remainder when 984 is divided by 34?
32
Calculate the remainder when 1331 is divided by 58.
55
What is the remainder when 3195 is divided by 23?
21
Calculate the remainder when 171 is divided by 33.
6
What is the remainder when 856 is divided by 178?
144
What is the remainder when 520 is divided by 18?
16
Calculate the remainder when 651 is divided by 65.
1
Calculate the remainder when 109 is divided by 55.
54
What is the remainder when 332 is divided by 8?
4
What is the remainder when 253 is divided by 24?
13
What is the remainder when 4703 is divided by 42?
41
What is the remainder when 2210 is divided by 4?
2
What is the remainder when 46 is divided by 4?
2
Calculate the remainder when 4004 is divided by 89.
88
What is the remainder when 482 is divided by 23?
22
What is the remainder when 587 is divided by 35?
27
Calculate the remainder when 1604 is divided by 5.
4
What is the remainder when 244 is divided by 22?
2
Calculate the remainder when 1451 is divided by 1443.
8
Calculate the remainder when 379 is divided by 124.
7
Calculate the remainder when 533 is divided by 5.
3
Calculate the remainder when 368 is divided by 85.
28
Calculate the remainder when 920 is divided by 890.
30
Calculate the remainder when 237 is divided by 43.
22
Calculate the remainder when 2811 is divided by 74.
73
What is the remainder when 653 is divided by 638?
15
What is the remainder when 204 is divided by 78?
48
Calculate the remainder when 1235 is divided by 293.
63
What is the remainder when 96 is divided by 43?
10
Calculate the remainder when 362 is divided by 10.
2
Calculate the remainder when 944 is divided by 330.
284
Calculate the remainder when 1059 is divided by 90.
69
What is the remainder when 326 is divided by 272?
54
Calculate the remainder when 390 is divided by 151.
88
Calculate the remainder when 1449 is divided by 16.
9
What is the remainder when 847 is divided by 123?
109
Calculate the remainder when 746 is divided by 26.
18
What is the remainder when 23996 is divided by 15?
11
What is the remainder when 201 is divided by 26?
19
What is the remainder when 80 is divided by 63?
17
What is the remainder when 459 is divided by 169?
121
Calculate the remainder when 394 is divided by 197.
0
Calculate the remainder when 21581 is divided by 6.
5
Calculate the remainder when 306 is divided by 58.
16
Calculate the remainder when 807 is divided by 65.
27
Calculate the remainder when 85 is divided by 19.
9
What is the remainder when 994 is divided by 100?
94
Calculate the remainder when 721 is divided by 30.
1
Calculate the remainder when 162 is divided by 14.
8
Calculate the remainder when 46 is divided by 21.
4
Calculate the remainder when 3 is divided by 3.
0
Calculate the remainder when 2670 is divided by 83.
14
Calculate the remainder when 16610 is divided by 147.
146
Calculate the remainder when 111 is divided by 16.
15
What is the remainder when 19 is divided by 4?
3
Calculate the remainder when 329 is divided by 70.
49
What is the remainder when 9601 is divided by 97?
95
What is the remainder when 73 is divided by 53?
20
What is the remainder when 337 is divided by 88?
73
What is the remainder when 2607 is divided by 94?
69
What is the remainder when 72 is divided by 24?
0
Calculate the remainder when 291 is divided by 22.
5
What is the remainder when 402 is divided by 68?
62
What is the remainder when 357 is divided by 30?
27
Calculate the remainder when 890 is divided by 3.
2
What is the remainder when 77 is divided by 24?
5
What is the remainder when 238 is divided by 32?
14
What is the remainder when 296 is divided by 50?
46
Calculate the remainder when 15 is divided by 2.
1
What is the remainder when 214 is divided by 27?
25
Calculate the remainder when 2727 is divided by 31.
30
Calculate the remainder when 83 is divided by 7.
6
Calculate the remainder when 223 is divided by 70.
13
What is the remainder when 1516 is divided by 25?
16
Calculate the remainder when 133 is divided by 31.
9
What is the remainder when 592 is divided by 169?
85
What is the remainder when 60 is divided by 33?
27
Calculate the remainder when 267 is divided by 44.
3
Calculate the remainder when 183 is divided by 29.
9
What is the remainder when 1902 is divided by 238?
236
Calculate the remainder when 210 is divided by 13.
2
Calculate the remainder when 631 is divided by 20.
11
Calculate the remainder when 759 is divided by 127.
124
Calculate the remainder when 2770 is divided by 22.
20
What is the remainder when 77759 is divided by 320?
319
What is the remainder when 658 is divided by 33?
31
Calculate the remainder when 7093 is divided by 23.
9
Calculate the remainder when 927 is divided by 461.
5
What is the remainder when 160 is divided by 23?
22
Calculate the remainder when 68 is divided by 6.
2
What is the remainder when 959 is divided by 225?
59
Calculate the remainder when 55 is divided by 6.
1
Calculate the remainder when 76 is divided by 20.
16
Calculate the remainder when 322 is divided by 85.
67
What is the remainder when 698 is divided by 25?
23
What is the remainder when 3949 is divided by 79?
78
What is the remainder when 76 is divided by 9?
4
Calculate the remainder when 813 is divided by 134.
9
What is the remainder when 174 is divided by 8?
6
What is the remainder when 2605 is divided by 59?
9
Calculate the remainder when 106 is divided by 30.
16
Calculate the remainder when 318 is divided by 110.
98
What is the remainder when 815 is divided by 17?
16
Calculate the remainder when 198 is divided by 41.
34
What is the remainder when 60 is divided by 20?
0
Calculate the remainder when 75 is divided by 7.
5
What is the remainder when 372 is divided by 22?
20
Calculate the remainder when 1039 is divided by 130.
129
What is the remainder when 31 is divided by 7?
3
What is the remainder when 1468 is divided by 242?
16
Calculate the remainder when 2665 is divided by 533.
0
Calculate the remainder when 1890 is divided by 73.
65
Calculate the remainder when 240 is divided by 51.
36
Calculate the remainder when 434 is divided by 55.
49
What is the remainder when 3142 is divided by 85?
82
What is the remainder when 477 is divided by 60?
57
What is the remainder when 190 is divided by 24?
22
Calculate the remainder when 66 is divided by 24.
18
Calculate the remainder when 961 is divided by 526.
435
What is the remainder when 108 is divided by 23?
16
What is the remainder when 403 is divided by 139?
125
What is the remainder when 495 is divided by 13?
1
Calculate the remainder when 3601 is divided by 1198.
7
Calculate the remainder when 401 is divided by 31.
29
What is the remainder when 20908 is divided by 16?
12
Calculate the remainder when 484 is divided by 9.
7
What is the remainder when 20 is divided by 7?
6
Calculate the remainder when 1250 is divided by 139.
138
Calculate the remainder when 20967 is divided by 45.
42
What is the remainder when 677 is divided by 68?
65
What is the remainder when 4556 is divided by 15?
11
Calculate the remainder when 60 is divided by 23.
14
Calculate the remainder when 529 is divided by 258.
13
Calculate the remainder when 892 is divided by 39.
34
Calculate the remainder when 72 is divided by 19.
15
Calculate the remainder when 1181 is divided by 583.
15
What is the remainder when 1071 is divided by 345?
36
What is the remainder when 323 is divided by 65?
63
What is the remainder when 35053 is divided by 57?
55
What is the remainder when 295 is divided by 30?
25
Calculate the remainder when 129 is divided by 42.
3
Calculate the remainder when 102 is divided by 47.
8
Calculate the remainder when 570 is divided by 106.
40
What is the remainder when 85 is divided by 18?
13
Calculate the remainder when 2438 is divided by 47.
41
What is the remainder when 146 is divided by 101?
45
What is